{"id":3701,"date":"2026-08-19T14:46:55","date_gmt":"2026-08-19T14:46:55","guid":{"rendered":"https:\/\/immobiliareporta.it\/?post_type=property&#038;p=3701"},"modified":"2026-08-19T14:49:19","modified_gmt":"2026-08-19T14:49:19","slug":"rustico-rocca-de-baldi-cn","status":"publish","type":"property","link":"https:\/\/immobiliareporta.it\/en\/property\/rustico-rocca-de-baldi-cn\/","title":{"rendered":"Rustic Property in Rocca De\u2019 Baldi (CN)"},"content":{"rendered":"<h2 class=\"Heading_title__Uv_7V\">Rustic property with two residential units, land, and a large outbuilding<\/h2>\n<div class=\"ReadAll_readAll__nryPL\">\n<div>In posizione strategica a Rocca de&#8217; Baldi, a pochi minuti da Carr\u00f9, Mondov\u00ec e Fossano, proponiamo in vendita un interessante complesso immobiliare caratterizzato da generose metrature, grande tranquillit\u00e0 e una splendida vista sul verde.<br \/>\nLa propriet\u00e0 si distingue per la sua grande versatilit\u00e0 ed \u00e8 ideale sia come residenza di ampie dimensioni, sia per lo sviluppo di progetti legati all\u2019ospitalit\u00e0 o al settore agricolo. Gli spazi generosi consentono infatti diverse possibilit\u00e0 di personalizzazione e trasformazione, rendendola adatta a struttura ricettiva, agriturismo, piccola azienda agricola, location per eventi o altre attivit\u00e0 compatibili con le caratteristiche dell\u2019immobile.<br \/>\nIl complesso comprende due unit\u00e0 abitative indipendenti, oltre a un grande fabbricato un tempo adibito a stalla e oggi recuperabile.Prima unit\u00e0 abitativa:<br \/>\nAl piano terreno troviamo ingresso, soggiorno, cucina, bagno e cantina. Il primo piano \u00e8 composto da tre camere da letto.<\/p>\n<p>Seconda unit\u00e0 abitativa:<br \/>\nAl piano terreno sono presenti tre locali di sgombero e una cantina; il primo piano ospita tre camere, cucina e bagno, mentre al secondo piano si trovano ulteriori tre camere, offrendo ampi spazi da riorganizzare e personalizzare secondo le proprie esigenze.<\/p>\n<p>La casa \u00e8 circondata da circa 1.500 mq di giardino, a cui si aggiunge un terreno agricolo adiacente di circa 2.500 mq..<br \/>\nCompleta la propriet\u00e0 un importante fabbricato di circa 2.500 mq, un tempo destinato a stalla, che offre interessanti possibilit\u00e0 di recupero e trasformazione.<br \/>\nUna propriet\u00e0 dalle grandi potenzialit\u00e0, immersa nel verde ma in una posizione comoda per raggiungere i principali centri della zona. Ideale per chi cerca indipendenza, ampi spazi e la possibilit\u00e0 di realizzare un progetto abitativo o imprenditoriale personalizzato.<\/p>\n<\/div>\n<\/div>","protected":false},"excerpt":{"rendered":"<p>Rustico con due unit\u00e0 abitative, terreno e ampio fabbricato In posizione strategica a Rocca de&#8217; Baldi, a pochi minuti da Carr\u00f9, Mondov\u00ec e Fossano, proponiamo in vendita un interessante complesso immobiliare caratterizzato da generose metrature, grande tranquillit\u00e0 e una splendida vista sul verde. La propriet\u00e0 si distingue per la sua grande versatilit\u00e0 ed \u00e8 ideale [&hellip;]<\/p>\n","protected":false},"author":1,"featured_media":3727,"parent":0,"menu_order":0,"template":"","property_type":[9],"property_status":[4],"property_feature":[],"property_label":[],"property_country":[30],"property_state":[33],"property_city":[64],"property_area":[],"class_list":["post-3701","property","type-property","status-publish","has-post-thumbnail","hentry","property_type-rustico","property_status-in-vendita","property_country-italia","property_state-cn","property_city-rocca-de-baldi"],"property_meta":{"_edit_lock":["1787150817:1"],"_edit_last":["1"],"fave_property_price":["69000"],"fave_show_price_placeholder":["0"],"fave_property_size":["450"],"fave_property_land":["2500"],"fave_property_bedrooms":["10"],"fave_property_rooms":["17"],"fave_property_bathrooms":["2"],"fave_property_year":["1900"],"fave_property_id":["3701"],"fave_property_map":["1"],"fave_property_map_address":["Via Regina Elena, n 9"],"fave_property_location":["44.4430743,7.7721917"],"houzez_geolocation_lat":["44.4430743"],"houzez_geolocation_long":["7.7721917"],"fave_property_map_street_view":["show"],"fave_property_address":["Via Regina Elena, n 9"],"fave_property_zip":["12047"],"fave_featured":["0"],"houzez_featured_listing_date":[""],"fave_loggedintoview":["0"],"fave_agent_display_option":["agent_info"],"fave_prop_homeslider":["no"],"floor_plans":["a:2:{i:0;a:8:{s:15:\"fave_plan_title\";s:13:\"Planimetria-1\";s:15:\"fave_plan_rooms\";s:0:\"\";s:19:\"fave_plan_bathrooms\";s:0:\"\";s:15:\"fave_plan_price\";s:0:\"\";s:23:\"fave_plan_price_postfix\";s:0:\"\";s:14:\"fave_plan_size\";s:0:\"\";s:15:\"fave_plan_image\";s:71:\"https:\/\/immobiliareporta.it\/wp-content\/uploads\/2026\/08\/plan-rocca-1.jpg\";s:21:\"fave_plan_description\";s:0:\"\";}i:1;a:8:{s:15:\"fave_plan_title\";s:13:\"Planimetria-2\";s:15:\"fave_plan_rooms\";s:0:\"\";s:19:\"fave_plan_bathrooms\";s:0:\"\";s:15:\"fave_plan_price\";s:0:\"\";s:23:\"fave_plan_price_postfix\";s:0:\"\";s:14:\"fave_plan_size\";s:0:\"\";s:15:\"fave_plan_image\";s:71:\"https:\/\/immobiliareporta.it\/wp-content\/uploads\/2026\/08\/plan-rocca-2.jpg\";s:21:\"fave_plan_description\";s:0:\"\";}}"],"fave_energy_class":["G"],"fave_energy_global_index":["470.48"],"fave_single_top_area":["global"],"fave_single_content_area":["global"],"additional_features":["a:1:{i:0;a:2:{s:29:\"fave_additional_feature_title\";s:9:\"Giardino:\";s:29:\"fave_additional_feature_value\";s:7:\"Privato\";}}"],"houzez_manual_expire":["0"],"_houzez_expiration_date_status":["saved"],"fave_property_size_prefix":[""],"fave_property_land_postfix":[""],"fave_property_garage":[""],"fave_property_garage_size":[""],"fave_additional_features_enable":["enable"],"fave_multi_units":[""],"fave_virtual_tour":[""],"fave_video_url":[""],"fave_property_images":["3702","3723","3704","3731","3705","3707","3703","3710","3709","3713","3708","3719","3706","3712","3714","3715","3716","3732","3718","3717","3720","3711","3722","3721","3725","3728","3729","3730","3724","3726","3727"],"_thumbnail_id":["3727"],"fave_property_disclaimer":[""],"fave_renewable_energy_global_index":[""],"fave_energy_performance":[""],"fave_epc_current_rating":[""],"fave_epc_potential_rating":[""],"fave_payment_status":[""],"fave_agents":["892"],"houzez_total_property_views":["76"],"houzez_views_by_date":["a:14:{s:10:\"08-19-2026\";i:18;s:10:\"08-20-2026\";i:2;s:10:\"08-21-2026\";i:3;s:10:\"08-22-2026\";i:8;s:10:\"08-23-2026\";i:3;s:10:\"08-24-2026\";i:6;s:10:\"08-25-2026\";i:11;s:10:\"08-26-2026\";i:5;s:10:\"08-27-2026\";i:3;s:10:\"08-28-2026\";i:4;s:10:\"08-29-2026\";i:3;s:10:\"08-30-2026\";i:3;s:10:\"08-31-2026\";i:4;s:10:\"09-01-2026\";i:3;}"],"houzez_recently_viewed":["2026-09-01 08:37:26"],"_elementor_page_assets":["a:0:{}"]},"_links":{"self":[{"href":"https:\/\/immobiliareporta.it\/en\/wp-json\/wp\/v2\/properties\/3701","targetHints":{"allow":["GET"]}}],"collection":[{"href":"https:\/\/immobiliareporta.it\/en\/wp-json\/wp\/v2\/properties"}],"about":[{"href":"https:\/\/immobiliareporta.it\/en\/wp-json\/wp\/v2\/types\/property"}],"author":[{"embeddable":true,"href":"https:\/\/immobiliareporta.it\/en\/wp-json\/wp\/v2\/users\/1"}],"version-history":[{"count":2,"href":"https:\/\/immobiliareporta.it\/en\/wp-json\/wp\/v2\/properties\/3701\/revisions"}],"predecessor-version":[{"id":3737,"href":"https:\/\/immobiliareporta.it\/en\/wp-json\/wp\/v2\/properties\/3701\/revisions\/3737"}],"wp:featuredmedia":[{"embeddable":true,"href":"https:\/\/immobiliareporta.it\/en\/wp-json\/wp\/v2\/media\/3727"}],"wp:attachment":[{"href":"https:\/\/immobiliareporta.it\/en\/wp-json\/wp\/v2\/media?parent=3701"}],"wp:term":[{"taxonomy":"property_type","embeddable":true,"href":"https:\/\/immobiliareporta.it\/en\/wp-json\/wp\/v2\/property_type?post=3701"},{"taxonomy":"property_status","embeddable":true,"href":"https:\/\/immobiliareporta.it\/en\/wp-json\/wp\/v2\/property_status?post=3701"},{"taxonomy":"property_feature","embeddable":true,"href":"https:\/\/immobiliareporta.it\/en\/wp-json\/wp\/v2\/property_feature?post=3701"},{"taxonomy":"property_label","embeddable":true,"href":"https:\/\/immobiliareporta.it\/en\/wp-json\/wp\/v2\/property_label?post=3701"},{"taxonomy":"property_country","embeddable":true,"href":"https:\/\/immobiliareporta.it\/en\/wp-json\/wp\/v2\/property_country?post=3701"},{"taxonomy":"property_state","embeddable":true,"href":"https:\/\/immobiliareporta.it\/en\/wp-json\/wp\/v2\/property_state?post=3701"},{"taxonomy":"property_city","embeddable":true,"href":"https:\/\/immobiliareporta.it\/en\/wp-json\/wp\/v2\/property_city?post=3701"},{"taxonomy":"property_area","embeddable":true,"href":"https:\/\/immobiliareporta.it\/en\/wp-json\/wp\/v2\/property_area?post=3701"}],"curies":[{"name":"wp","href":"https:\/\/api.w.org\/{rel}","templated":true}]}}

<h2 class="Heading_title__Uv_7V">Rustic property with two residential units, land, and a large outbuilding</h2>
<div class="ReadAll_readAll__nryPL">
<div>In posizione strategica a Rocca de&#8217; Baldi, a pochi minuti da Carrù, Mondovì e Fossano, proponiamo in vendita un interessante complesso immobiliare caratterizzato da generose metrature, grande tranquillità e una splendida vista sul verde.<br />
La proprietà si distingue per la sua grande versatilità ed è ideale sia come residenza di ampie dimensioni, sia per lo sviluppo di progetti legati all’ospitalità o al settore agricolo. Gli spazi generosi consentono infatti diverse possibilità di personalizzazione e trasformazione, rendendola adatta a struttura ricettiva, agriturismo, piccola azienda agricola, location per eventi o altre attività compatibili con le caratteristiche dell’immobile.<br />
Il complesso comprende due unità abitative indipendenti, oltre a un grande fabbricato un tempo adibito a stalla e oggi recuperabile.Prima unità abitativa:<br />
Al piano terreno troviamo ingresso, soggiorno, cucina, bagno e cantina. Il primo piano è composto da tre camere da letto.</p>
<p>Seconda unità abitativa:<br />
Al piano terreno sono presenti tre locali di sgombero e una cantina; il primo piano ospita tre camere, cucina e bagno, mentre al secondo piano si trovano ulteriori tre camere, offrendo ampi spazi da riorganizzare e personalizzare secondo le proprie esigenze.</p>
<p>La casa è circondata da circa 1.500 mq di giardino, a cui si aggiunge un terreno agricolo adiacente di circa 2.500 mq..<br />
Completa la proprietà un importante fabbricato di circa 2.500 mq, un tempo destinato a stalla, che offre interessanti possibilità di recupero e trasformazione.<br />
Una proprietà dalle grandi potenzialità, immersa nel verde ma in una posizione comoda per raggiungere i principali centri della zona. Ideale per chi cerca indipendenza, ampi spazi e la possibilità di realizzare un progetto abitativo o imprenditoriale personalizzato.</p>
</div>
</div>

<p>Rustico con due unità abitative, terreno e ampio fabbricato In posizione strategica a Rocca de&#8217; Baldi, a pochi minuti da Carrù, Mondovì e Fossano, proponiamo in vendita un interessante complesso immobiliare caratterizzato da generose metrature, grande tranquillità e una splendida vista sul verde. La proprietà si distingue per la sua grande versatilità ed è ideale [&hellip;]</p>
